{"id":321,"date":"2014-04-10T09:42:47","date_gmt":"2014-04-10T09:42:47","guid":{"rendered":"http:\/\/location-appartement-vacances-mer-golf.com\/?page_id=321"},"modified":"2015-05-05T09:35:36","modified_gmt":"2015-05-05T09:35:36","slug":"on-aime","status":"publish","type":"page","link":"https:\/\/location-appartement-vacances-mer-golf.com\/?page_id=321","title":{"rendered":"On aime !!!"},"content":{"rendered":"<p><strong>Balade discut\u00e9e de la Salorge de la Vertonne<\/strong><\/p>\n<p><a href=\"https:\/\/location-appartement-vacances-mer-golf.com\/wp-content\/uploads\/2015\/05\/marais.png\"><img loading=\"lazy\" decoding=\"async\" class=\"alignnone size-full wp-image-464\" src=\"https:\/\/location-appartement-vacances-mer-golf.com\/wp-content\/uploads\/2015\/05\/marais.png\" alt=\"marais\" width=\"275\" height=\"183\" \/><\/a><\/p>\n<p>Adresse<\/p>\n<p>La Salorge de la Vertonne<br \/>\nD87<br \/>\nParking n\u00b02 des Marais Salants<br \/>\n85340 L&rsquo;ILE D&rsquo;OLONNE<br \/>\nT\u00e9l : 02 51 33 82 77<br \/>\nhttp:\/\/lasalorge.fr<\/p>\n<p><strong>Sorties d\u00e9couverte du rivage &#8211; Tanchet <\/strong><\/p>\n<p><a href=\"https:\/\/location-appartement-vacances-mer-golf.com\/wp-content\/uploads\/2015\/05\/coquillage.jpg\"><img loading=\"lazy\" decoding=\"async\" class=\"alignnone size-medium wp-image-467\" src=\"https:\/\/location-appartement-vacances-mer-golf.com\/wp-content\/uploads\/2015\/05\/coquillage-300x226.jpg\" alt=\"coquillage\" width=\"300\" height=\"226\" srcset=\"https:\/\/location-appartement-vacances-mer-golf.com\/wp-content\/uploads\/2015\/05\/coquillage-300x226.jpg 300w, https:\/\/location-appartement-vacances-mer-golf.com\/wp-content\/uploads\/2015\/05\/coquillage.jpg 528w\" sizes=\"auto, (max-width: 300px) 100vw, 300px\" \/><\/a><\/p>\n<p>L&rsquo;association Ecop\u00eache 85 propose, un bon bol d&rsquo;air frais, ludique et p\u00e9dagogique. C&rsquo;est l&rsquo;occasion de d\u00e9couvrir la faune et la flore du bord de mer au cours d&rsquo;une promenade sur les rochers.<br \/>\nAlgues, coquillages, crustac\u00e9s.Tout un monde \u00e0 explorer sous la houlette de G\u00e9rard Mornet.<br \/>\nAvis aux amateurs de plage qui souhaitent d\u00e9couvrir la richesse insoup\u00e7onn\u00e9e de cet \u00e9cosyst\u00e8me. La balade permet d&rsquo;\u00eatre originale et instructive.<\/p>\n<p>RDV Plage de Tanchet au Poste de secours<br \/>\n85180 LE CH\u00c2TEAU D&rsquo;OLONNE<br \/>\nT\u00e9l : 06 08 48 05 95<\/p>\n<p>Tarifs : 5\u20ac par adulte et 3\u20ac pour les enfants.<\/p>\n","protected":false},"excerpt":{"rendered":"<p>Balade discut\u00e9e de la Salorge de la Vertonne Adresse La Salorge de la Vertonne D87 Parking n\u00b02 des Marais Salants 85340 L&rsquo;ILE D&rsquo;OLONNE T\u00e9l : 02 51 33 82 77 http:\/\/lasalorge.fr Sorties d\u00e9couverte du rivage &#8211; Tanchet L&rsquo;association Ecop\u00eache 85 propose, un bon bol d&rsquo;air frais, ludique et p\u00e9dagogique. C&rsquo;est l&rsquo;occasion de d\u00e9couvrir la faune &hellip; <a href=\"https:\/\/location-appartement-vacances-mer-golf.com\/?page_id=321\" class=\"more-link\">Continuer la lecture de <span class=\"screen-reader-text\">On aime !!!<\/span>  <span class=\"meta-nav\">&rarr;<\/span><\/a><\/p>\n","protected":false},"author":2,"featured_media":0,"parent":0,"menu_order":7,"comment_status":"closed","ping_status":"closed","template":"","meta":{"_monsterinsights_skip_tracking":false,"_monsterinsights_sitenote_active":false,"_monsterinsights_sitenote_note":"","_monsterinsights_sitenote_category":0,"ngg_post_thumbnail":0,"footnotes":""},"class_list":["post-321","page","type-page","status-publish","hentry"],"_links":{"self":[{"href":"https:\/\/location-appartement-vacances-mer-golf.com\/index.php?rest_route=\/wp\/v2\/pages\/321","targetHints":{"allow":["GET"]}}],"collection":[{"href":"https:\/\/location-appartement-vacances-mer-golf.com\/index.php?rest_route=\/wp\/v2\/pages"}],"about":[{"href":"https:\/\/location-appartement-vacances-mer-golf.com\/index.php?rest_route=\/wp\/v2\/types\/page"}],"author":[{"embeddable":true,"href":"https:\/\/location-appartement-vacances-mer-golf.com\/index.php?rest_route=\/wp\/v2\/users\/2"}],"replies":[{"embeddable":true,"href":"https:\/\/location-appartement-vacances-mer-golf.com\/index.php?rest_route=%2Fwp%2Fv2%2Fcomments&post=321"}],"version-history":[{"count":16,"href":"https:\/\/location-appartement-vacances-mer-golf.com\/index.php?rest_route=\/wp\/v2\/pages\/321\/revisions"}],"predecessor-version":[{"id":469,"href":"https:\/\/location-appartement-vacances-mer-golf.com\/index.php?rest_route=\/wp\/v2\/pages\/321\/revisions\/469"}],"wp:attachment":[{"href":"https:\/\/location-appartement-vacances-mer-golf.com\/index.php?rest_route=%2Fwp%2Fv2%2Fmedia&parent=321"}],"curies":[{"name":"wp","href":"https:\/\/api.w.org\/{rel}","templated":true}]}}