{"id":313,"date":"2014-04-10T09:27:54","date_gmt":"2014-04-10T09:27:54","guid":{"rendered":"http:\/\/location-appartement-vacances-mer-golf.com\/?page_id=313"},"modified":"2016-02-15T14:40:39","modified_gmt":"2016-02-15T14:40:39","slug":"la-vie-aux-sables","status":"publish","type":"page","link":"https:\/\/location-appartement-vacances-mer-golf.com\/?page_id=313","title":{"rendered":"La culture aux SABLES"},"content":{"rendered":"<p><a href=\"https:\/\/location-appartement-vacances-mer-golf.com\/wp-content\/uploads\/2016\/02\/t\u00e9l\u00e9chargement.jpg\" rel=\"attachment wp-att-477\"><img loading=\"lazy\" decoding=\"async\" class=\"alignnone size-full wp-image-477\" src=\"https:\/\/location-appartement-vacances-mer-golf.com\/wp-content\/uploads\/2016\/02\/t\u00e9l\u00e9chargement.jpg\" alt=\"t\u00e9l\u00e9chargement\" width=\"225\" height=\"225\" srcset=\"https:\/\/location-appartement-vacances-mer-golf.com\/wp-content\/uploads\/2016\/02\/t\u00e9l\u00e9chargement.jpg 225w, https:\/\/location-appartement-vacances-mer-golf.com\/wp-content\/uploads\/2016\/02\/t\u00e9l\u00e9chargement-150x150.jpg 150w\" sizes=\"auto, (max-width: 225px) 100vw, 225px\" \/><\/a><\/p>\n<p>Tina May est sans contexte une des grandes dames de la sc\u00e8ne du jazz britannique, en particulier avec son spectacle \u00ab Piaf, celebrating a legend \u00bb mais aussi avec d\u2019innombrables partenaires dans toute l\u2019Europe comme Scott Hamilton, Ray Bryant, Pascal Gaubert, Marcel Zanini.<br \/>\nSon r\u00e9pertoire de chansons fran\u00e7aises s\u2019agrandit au fil de ses enregistrements : Edith Piaf, bien s\u00fbr, mais aussi Charles Tr\u00e9net, Jacques Pr\u00e9vert, Claude Nougaro.<\/p>\n<p>Tina May,chant<br \/>\nLuigi Grasso,saxophone alto<br \/>\nDavid Herridge,piano<br \/>\nJean-Claude Beneteau, contrebasse<br \/>\nFran\u00e7ois Laudet, batterie<\/p>\n<p>Tout public<br \/>\nDur\u00e9e : 1h30<\/p>\n<p>Adultes 9,90\u20ac\/ Enfant, \u00e9tudiants, titulaires de la carte adulte handicap\u00e9* 5\u20ac\/ Titulaires carte atout, sans emploi, titulaires du RSA* 2\u20ac (*sur pr\u00e9sentation d\u2019un justific<\/p>\n","protected":false},"excerpt":{"rendered":"<p>Tina May est sans contexte une des grandes dames de la sc\u00e8ne du jazz britannique, en particulier avec son spectacle \u00ab Piaf, celebrating a legend \u00bb mais aussi avec d\u2019innombrables partenaires dans toute l\u2019Europe comme Scott Hamilton, Ray Bryant, Pascal Gaubert, Marcel Zanini. Son r\u00e9pertoire de chansons fran\u00e7aises s\u2019agrandit au fil de ses enregistrements : &hellip; <a href=\"https:\/\/location-appartement-vacances-mer-golf.com\/?page_id=313\" class=\"more-link\">Continuer la lecture de <span class=\"screen-reader-text\">La culture aux SABLES<\/span>  <span class=\"meta-nav\">&rarr;<\/span><\/a><\/p>\n","protected":false},"author":2,"featured_media":0,"parent":0,"menu_order":6,"comment_status":"closed","ping_status":"closed","template":"","meta":{"_monsterinsights_skip_tracking":false,"_monsterinsights_sitenote_active":false,"_monsterinsights_sitenote_note":"","_monsterinsights_sitenote_category":0,"ngg_post_thumbnail":0,"footnotes":""},"class_list":["post-313","page","type-page","status-publish","hentry"],"_links":{"self":[{"href":"https:\/\/location-appartement-vacances-mer-golf.com\/index.php?rest_route=\/wp\/v2\/pages\/313","targetHints":{"allow":["GET"]}}],"collection":[{"href":"https:\/\/location-appartement-vacances-mer-golf.com\/index.php?rest_route=\/wp\/v2\/pages"}],"about":[{"href":"https:\/\/location-appartement-vacances-mer-golf.com\/index.php?rest_route=\/wp\/v2\/types\/page"}],"author":[{"embeddable":true,"href":"https:\/\/location-appartement-vacances-mer-golf.com\/index.php?rest_route=\/wp\/v2\/users\/2"}],"replies":[{"embeddable":true,"href":"https:\/\/location-appartement-vacances-mer-golf.com\/index.php?rest_route=%2Fwp%2Fv2%2Fcomments&post=313"}],"version-history":[{"count":15,"href":"https:\/\/location-appartement-vacances-mer-golf.com\/index.php?rest_route=\/wp\/v2\/pages\/313\/revisions"}],"predecessor-version":[{"id":478,"href":"https:\/\/location-appartement-vacances-mer-golf.com\/index.php?rest_route=\/wp\/v2\/pages\/313\/revisions\/478"}],"wp:attachment":[{"href":"https:\/\/location-appartement-vacances-mer-golf.com\/index.php?rest_route=%2Fwp%2Fv2%2Fmedia&parent=313"}],"curies":[{"name":"wp","href":"https:\/\/api.w.org\/{rel}","templated":true}]}}