{"id":148,"date":"2014-02-14T10:52:21","date_gmt":"2014-02-14T10:52:21","guid":{"rendered":"http:\/\/location-appartement-vacances-mer-golf.com\/?page_id=148"},"modified":"2014-02-14T17:23:06","modified_gmt":"2014-02-14T17:23:06","slug":"infos-legales","status":"publish","type":"page","link":"https:\/\/location-appartement-vacances-mer-golf.com\/?page_id=148","title":{"rendered":"Infos l\u00e9gales"},"content":{"rendered":"<div>\n<h2><span style=\"font-size: small;\">1. Pr\u00e9sentation du site.<\/span><\/h2>\n<p><span style=\"font-size: small;\">En vertu de l\u2019article 6 de la loi n\u00b0 2004-575 du 21 juin 2004 pour la confiance dans l\u2019\u00e9conomie num\u00e9rique, il est pr\u00e9cis\u00e9 aux utilisateurs du site https:\/\/location-appartement-vacances-mer-golf.com l\u2019identit\u00e9 des diff\u00e9rents intervenants dans le cadre de sa r\u00e9alisation et de son suivi :<\/span><\/p>\n<p><span style=\"font-size: small;\">Propri\u00e9taire : St\u00e9phane Ramon<\/span><br \/>\n<span style=\"font-size: small;\"> 114 avenue Nationale<\/span><br \/>\n<span style=\"font-size: small;\"> 72650 LA BAZOGE<\/span><br \/>\n<span style=\"font-size: small;\"> Cr\u00e9ateur : <a href=\"http:\/\/www.microplanet.fr\">Microplanet<\/a><\/span><\/p>\n<p><span style=\"font-size: small;\">Responsable publication : St\u00e9phane Ramon<\/span><br \/>\n<span style=\"font-size: small;\"> Le responsable publication est une personne physique ou une personne morale.<\/span><br \/>\n<span style=\"font-size: small;\"> Webmaster : Renaud ALAIME \u2013 postmaster at microplanet.fr<\/span><br \/>\n<span style=\"font-size: small;\"> H\u00e9bergeur : NUXIT \u2013 06903 Sophia Antipolis Cedex<\/span><\/p>\n<h3><span style=\"font-size: small;\">2. Conditions g\u00e9n\u00e9rales d\u2019utilisation du site et des services propos\u00e9s.<\/span><\/h3>\n<p><span style=\"font-size: small;\">L\u2019utilisation du site https:\/\/location-appartement-vacances-mer-golf.com implique l\u2019acceptation pleine et enti\u00e8re des conditions g\u00e9n\u00e9rales d\u2019utilisation ci-apr\u00e8s d\u00e9crites. Ces conditions d\u2019utilisation sont susceptibles d\u2019\u00eatre modifi\u00e9es ou compl\u00e9t\u00e9es \u00e0 tout moment, les utilisateurs du site https:\/\/location-appartement-vacances-mer-golf.com sont donc invit\u00e9s \u00e0 les consulter de mani\u00e8re r\u00e9guli\u00e8re.<\/span><\/p>\n<p><span style=\"font-size: small;\">Ce site est normalement accessible \u00e0 tout moment aux utilisateurs. Une interruption pour raison de maintenance technique peut \u00eatre toutefois d\u00e9cid\u00e9e par https:\/\/location-appartement-vacances-mer-golf.com , qui s\u2019efforcera alors de communiquer pr\u00e9alablement aux utilisateurs les dates et heures de l\u2019intervention.<\/span><\/p>\n<p><span style=\"font-size: small;\">Le site https:\/\/location-appartement-vacances-mer-golf.com est mis \u00e0 jour r\u00e9guli\u00e8rement par St\u00e9phane Ramon. De la m\u00eame fa\u00e7on, les mentions l\u00e9gales peuvent \u00eatre modifi\u00e9es \u00e0 tout moment : elles s\u2019imposent n\u00e9anmoins \u00e0 l\u2019utilisateur qui est invit\u00e9 \u00e0 s\u2019y r\u00e9f\u00e9rer le plus souvent possible afin d\u2019en prendre connaissance.<\/span><\/p>\n<h3><span style=\"font-size: small;\">3. Description des services fournis.<\/span><\/h3>\n<p><span style=\"font-size: small;\">Le site https:\/\/location-appartement-vacances-mer-golf.com a pour objet de fournir une information concernant la location d&rsquo;un appartement.<\/span><\/p>\n<p><span style=\"font-size: small;\">St\u00e9pHane Ramon s\u2019efforce de fournir sur le site https:\/\/location-appartement-vacances-mer-golf.com des informations aussi pr\u00e9cises que possible. Toutefois, il ne pourra \u00eatre tenue responsable des omissions, des inexactitudes et des carences dans la mise \u00e0 jour, qu\u2019elles soient de son fait ou du fait des tiers partenaires qui lui fournissent ces informations.<\/span><\/p>\n<p><span style=\"font-size: small;\">Tous les informations indiqu\u00e9es sur le site https:\/\/location-appartement-vacances-mer-golf.com sont donn\u00e9es \u00e0 titre indicatif, et sont susceptibles d\u2019\u00e9voluer. Par ailleurs, les renseignements figurant sur le site https:\/\/location-appartement-vacances-mer-golf.com ne sont pas exhaustifs. Ils sont donn\u00e9s sous r\u00e9serve de modifications ayant \u00e9t\u00e9 apport\u00e9es depuis leur mise en ligne.<\/span><\/p>\n<h3><span style=\"font-size: small;\">4. Limitations contractuelles sur les donn\u00e9es techniques.<\/span><\/h3>\n<p><span style=\"font-size: small;\">Le site https:\/\/location-appartement-vacances-mer-golf.com ne pourra \u00eatre tenu responsable de dommages mat\u00e9riels li\u00e9s \u00e0 l\u2019utilisation du site. De plus, l\u2019utilisateur du site s\u2019engage \u00e0 acc\u00e9der au site en utilisant un mat\u00e9riel r\u00e9cent, ne contenant pas de virus et avec un navigateur de derni\u00e8re g\u00e9n\u00e9ration mis-\u00e0-jour<\/span><\/p>\n<h3><span style=\"font-size: small;\">5. Propri\u00e9t\u00e9 intellectuelle et contrefa\u00e7ons.<\/span><\/h3>\n<p><span style=\"font-size: small;\">St\u00e9phane Ramon est propri\u00e9taire des droits de propri\u00e9t\u00e9 intellectuelle ou d\u00e9tient les droits d\u2019usage sur tous les \u00e9l\u00e9ments accessibles sur le site, notamment les textes, images, graphismes, logo, ic\u00f4nes, sons, logiciels.<\/span><\/p>\n<p><span style=\"font-size: small;\">Toute reproduction, repr\u00e9sentation, modification, publication, adaptation de tout ou partie des \u00e9l\u00e9ments du site, quel que soit le moyen ou le proc\u00e9d\u00e9 utilis\u00e9, est interdite, sauf autorisation \u00e9crite pr\u00e9alable de St\u00e9phane Ramon.<\/span><\/p>\n<p><span style=\"font-size: small;\">Toute exploitation non autoris\u00e9e du site ou de l\u2019un quelconque des \u00e9l\u00e9ments qu\u2019il contient sera consid\u00e9r\u00e9e comme constitutive d\u2019une contrefa\u00e7on et poursuivie conform\u00e9ment aux dispositions des articles L.335-2 et suivants du Code de Propri\u00e9t\u00e9 Intellectuelle.<\/span><\/p>\n<h3><span style=\"font-size: small;\">6. Limitations de responsabilit\u00e9.<\/span><\/h3>\n<p><span style=\"font-size: small;\">St\u00e9phane Ramon ne pourra \u00eatre tenue responsable des dommages directs et indirects caus\u00e9s au mat\u00e9riel de l\u2019utilisateur, lors de l\u2019acc\u00e8s au site St\u00e9phane Ramon, et r\u00e9sultant soit de l\u2019utilisation d\u2019un mat\u00e9riel ne r\u00e9pondant pas aux sp\u00e9cifications indiqu\u00e9es au point 4, soit de l\u2019apparition d\u2019un bug ou d\u2019une incompatibilit\u00e9.<\/span><\/p>\n<h3><span style=\"font-size: small;\">7. Gestion des donn\u00e9es personnelles.<\/span><\/h3>\n<p><span style=\"font-size: small;\">En France, les donn\u00e9es personnelles sont notamment prot\u00e9g\u00e9es par la loi n\u00b0 78-87 du 6 janvier 1978, la loi n\u00b0 2004-801 du 6 ao\u00fbt 2004, l\u2019article L. 226-13 du Code p\u00e9nal et la Directive Europ\u00e9enne du 24 octobre 1995.<\/span><\/p>\n<p><span style=\"font-size: small;\">A l\u2019occasion de l\u2019utilisation du site https:\/\/location-appartement-vacances-mer-golf.com , peuvent \u00eatres recueillies : l\u2019URL des liens par l\u2019interm\u00e9diaire desquels l\u2019utilisateur a acc\u00e9d\u00e9 au site https:\/\/location-appartement-vacances-mer-golf.com , le fournisseur d\u2019acc\u00e8s de l\u2019utilisateur, l\u2019adresse de protocole Internet (IP) de l\u2019utilisateur.<\/span><\/p>\n<p><span style=\"font-size: small;\">En tout \u00e9tat de cause St\u00e9phane Ramon ne collecte des informations personnelles relatives \u00e0 l\u2019utilisateur que pour le besoin de certains services propos\u00e9s par le site https:\/\/location-appartement-vacances-mer-golf.com . L\u2019utilisateur fournit ces informations en toute connaissance de cause, notamment lorsqu\u2019il proc\u00e8de par lui-m\u00eame \u00e0 leur saisie. Il est alors pr\u00e9cis\u00e9 \u00e0 l\u2019utilisateur du site https:\/\/location-appartement-vacances-mer-golf.com l\u2019obligation ou non de fournir ces informations.<\/span><\/p>\n<p><span style=\"font-size: small;\">Conform\u00e9ment aux dispositions des articles 38 et suivants de la loi 78-17 du 6 janvier 1978 relative \u00e0 l\u2019informatique, aux fichiers et aux libert\u00e9s, tout utilisateur dispose d\u2019un droit d\u2019acc\u00e8s, de rectification et d\u2019opposition aux donn\u00e9es personnelles le concernant, en effectuant sa demande \u00e9crite et sign\u00e9e, accompagn\u00e9e d\u2019une copie du titre d\u2019identit\u00e9 avec signature du titulaire de la pi\u00e8ce, en pr\u00e9cisant l\u2019adresse \u00e0 laquelle la r\u00e9ponse doit \u00eatre envoy\u00e9e.<\/span><\/p>\n<p><span style=\"font-size: small;\">Aucune information personnelle de l\u2019utilisateur du site https:\/\/location-appartement-vacances-mer-golf.com n\u2019est publi\u00e9e \u00e0 l\u2019insu de l\u2019utilisateur, \u00e9chang\u00e9e, transf\u00e9r\u00e9e, c\u00e9d\u00e9e ou vendue sur un support quelconque \u00e0 des tiers. Seule l\u2019hypoth\u00e8se du rachat de St\u00e9phane Ramon et de ses droits permettrait la transmission des dites informations \u00e0 l\u2019\u00e9ventuel acqu\u00e9reur qui serait \u00e0 son tour tenu de la m\u00eame obligation de conservation et de modification des donn\u00e9es vis \u00e0 vis de l\u2019utilisateur du site https:\/\/location-appartement-vacances-mer-golf.com .<\/span><\/p>\n<p><span style=\"font-size: small;\">Le site n\u2019est pas d\u00e9clar\u00e9 \u00e0 la CNIL car il ne recueille pas d\u2019informations personnelles. .<\/span><\/p>\n<p><span style=\"font-size: small;\">Les bases de donn\u00e9es sont prot\u00e9g\u00e9es par les dispositions de la loi du 1er juillet 1998 transposant la directive 96\/9 du 11 mars 1996 relative \u00e0 la protection juridique des bases de donn\u00e9es.<\/span><\/p>\n<h3><span style=\"font-size: small;\">8. Liens hypertextes et cookies.<\/span><\/h3>\n<p><span style=\"font-size: small;\">Le site https:\/\/location-appartement-vacances-mer-golf.com contient un certain nombre de liens hypertextes vers d\u2019autres sites, mis en place avec l\u2019autorisation de St\u00e9phane Ramon. Cependant, St\u00e9phane Ramon n\u2019a pas la possibilit\u00e9 de v\u00e9rifier le contenu des sites ainsi visit\u00e9s, et n\u2019assumera en cons\u00e9quence aucune responsabilit\u00e9 de ce fait.<\/span><\/p>\n<p><span style=\"font-size: small;\">La navigation sur le site https:\/\/location-appartement-vacances-mer-golf.com est susceptible de provoquer l\u2019installation de cookie(s) sur l\u2019ordinateur de l\u2019utilisateur. Un cookie est un fichier de petite taille, qui ne permet pas l\u2019identification de l\u2019utilisateur, mais qui enregistre des informations relatives \u00e0 la navigation d\u2019un ordinateur sur un site. Les donn\u00e9es ainsi obtenues visent \u00e0 faciliter la navigation ult\u00e9rieure sur le site, et ont \u00e9galement vocation \u00e0 permettre diverses mesures de fr\u00e9quentation.<\/span><\/p>\n<p><span style=\"font-size: small;\">Le refus d\u2019installation d\u2019un cookie peut entra\u00eener l\u2019impossibilit\u00e9 d\u2019acc\u00e9der \u00e0 certains services. L\u2019utilisateur peut toutefois configurer son ordinateur de la mani\u00e8re suivante, pour refuser l\u2019installation des cookies :<\/span><\/p>\n<p><span style=\"font-size: small;\">Sous Internet Explorer : onglet outil \/ options internet. Cliquez sur Confidentialit\u00e9 et choisissez Bloquer tous les cookies. Validez sur Ok.<\/span><\/p>\n<p><span style=\"font-size: small;\">Sous Netscape : onglet \u00e9dition \/ pr\u00e9f\u00e9rences. Cliquez sur Avanc\u00e9es et choisissez D\u00e9sactiver les cookies. Validez sur Ok.<\/span><\/p>\n<h3><span style=\"font-size: small;\">9. Droit applicable et attribution de juridiction.<\/span><\/h3>\n<p><span style=\"font-size: small;\">Tout litige en relation avec l\u2019utilisation du site https:\/\/location-appartement-vacances-mer-golf.com est soumis au droit fran\u00e7ais. Il est fait attribution exclusive de juridiction aux tribunaux comp\u00e9tents de Paris.<\/span><\/p>\n<h3><span style=\"font-size: small;\">10. Les principales lois concern\u00e9es.<\/span><\/h3>\n<p><span style=\"font-size: small;\">Loi n\u00b0 78-87 du 6 janvier 1978, notamment modifi\u00e9e par la loi n\u00b0 2004-801 du 6 ao\u00fbt 2004 relative \u00e0 l\u2019informatique, aux fichiers et aux libert\u00e9s.<\/span><\/p>\n<p><span style=\"font-size: small;\">Loi n\u00b0 2004-575 du 21 juin 2004 pour la confiance dans l\u2019\u00e9conomie num\u00e9rique.<\/span><\/p>\n<h3><span style=\"font-size: small;\">11. Lexique.<\/span><\/h3>\n<p><span style=\"font-size: small;\">Utilisateur : Internaute se connectant, utilisant le site susnomm\u00e9.<\/span><\/p>\n<p><span style=\"font-size: small;\">Informations personnelles : \u00ab les informations qui permettent, sous quelque forme que ce soit, directement ou non, l\u2019identification des personnes physiques auxquelles elles s\u2019appliquent \u00bb (article 4 de la loi n\u00b0 78-17 du 6 janvier 1978).<\/span><\/p>\n<\/div>\n","protected":false},"excerpt":{"rendered":"<p>1. Pr\u00e9sentation du site. En vertu de l\u2019article 6 de la loi n\u00b0 2004-575 du 21 juin 2004 pour la confiance dans l\u2019\u00e9conomie num\u00e9rique, il est pr\u00e9cis\u00e9 aux utilisateurs du site https:\/\/location-appartement-vacances-mer-golf.com l\u2019identit\u00e9 des diff\u00e9rents intervenants dans le cadre de sa r\u00e9alisation et de son suivi : Propri\u00e9taire : St\u00e9phane Ramon 114 avenue Nationale 72650 &hellip; <a href=\"https:\/\/location-appartement-vacances-mer-golf.com\/?page_id=148\" class=\"more-link\">Continuer la lecture de <span class=\"screen-reader-text\">Infos l\u00e9gales<\/span>  <span class=\"meta-nav\">&rarr;<\/span><\/a><\/p>\n","protected":false},"author":1,"featured_media":0,"parent":0,"menu_order":13,"comment_status":"closed","ping_status":"closed","template":"","meta":{"_monsterinsights_skip_tracking":false,"_monsterinsights_sitenote_active":false,"_monsterinsights_sitenote_note":"","_monsterinsights_sitenote_category":0,"ngg_post_thumbnail":0,"footnotes":""},"class_list":["post-148","page","type-page","status-publish","hentry"],"_links":{"self":[{"href":"https:\/\/location-appartement-vacances-mer-golf.com\/index.php?rest_route=\/wp\/v2\/pages\/148","targetHints":{"allow":["GET"]}}],"collection":[{"href":"https:\/\/location-appartement-vacances-mer-golf.com\/index.php?rest_route=\/wp\/v2\/pages"}],"about":[{"href":"https:\/\/location-appartement-vacances-mer-golf.com\/index.php?rest_route=\/wp\/v2\/types\/page"}],"author":[{"embeddable":true,"href":"https:\/\/location-appartement-vacances-mer-golf.com\/index.php?rest_route=\/wp\/v2\/users\/1"}],"replies":[{"embeddable":true,"href":"https:\/\/location-appartement-vacances-mer-golf.com\/index.php?rest_route=%2Fwp%2Fv2%2Fcomments&post=148"}],"version-history":[{"count":8,"href":"https:\/\/location-appartement-vacances-mer-golf.com\/index.php?rest_route=\/wp\/v2\/pages\/148\/revisions"}],"predecessor-version":[{"id":157,"href":"https:\/\/location-appartement-vacances-mer-golf.com\/index.php?rest_route=\/wp\/v2\/pages\/148\/revisions\/157"}],"wp:attachment":[{"href":"https:\/\/location-appartement-vacances-mer-golf.com\/index.php?rest_route=%2Fwp%2Fv2%2Fmedia&parent=148"}],"curies":[{"name":"wp","href":"https:\/\/api.w.org\/{rel}","templated":true}]}}